45 is divided by 128?
81
Calculate the remainder when 492 is divided by 341.
151
Calculate the remainder when 656 is divided by 64.
16
Calculate the remainder when 248878 is divided by 408.
406
What is the remainder when 87696 is divided by 44?
4
What is the remainder when 8986 is divided by 19?
18
Calculate the remainder when 8290031 is divided by 1149.
1145
Calculate the remainder when 1187098 is divided by 225.
223
Calculate the remainder when 845937 is divided by 1839.
1836
What is the remainder when 6709 is divided by 92?
85
What is the remainder when 501828 is divided by 2698?
0
Calculate the remainder when 54913 is divided by 64.
1
Calculate the remainder when 2252 is divided by 449.
7
Calculate the remainder when 76581 is divided by 19.
11
What is the remainder when 6093 is divided by 221?
126
What is the remainder when 12835 is divided by 6409?
17
Calculate the remainder when 23051 is divided by 578.
509
Calculate the remainder when 49248 is divided by 21.
3
What is the remainder when 2067 is divided by 1111?
956
What is the remainder when 6693 is divided by 173?
119
Calculate the remainder when 230 is divided by 215.
15
What is the remainder when 15619 is divided by 11?
10
What is the remainder when 65901 is divided by 9?
3
Calculate the remainder when 5694 is divided by 154.
150
What is the remainder when 8342 is divided by 69?
62
What is the remainder when 437251 is divided by 54656?
3
Calculate the remainder when 7805 is divided by 1408.
765
What is the remainder when 13117 is divided by 169?
104
What is the remainder when 11007 is divided by 344?
343
Calculate the remainder when 1090 is divided by 1089.
1
What is the remainder when 676 is divided by 233?
210
What is the remainder when 1339 is divided by 447?
445
Calculate the remainder when 18792 is divided by 4697.
4
What is the remainder when 19110 is divided by 131?
115
Calculate the remainder when 53649 is divided by 584.
505
What is the remainder when 3908 is divided by 23?
21
Calculate the remainder when 246524 is divided by 475.
474
What is the remainder when 2215341 is divided by 857?
853
Calculate the remainder when 35621 is divided by 4447.
45
What is the remainder when 25356 is divided by 2815?
21
Calculate the remainder when 110161 is divided by 170.
1
What is the remainder when 668929 is divided by 9?
4
What is the remainder when 46855 is divided by 11712?
7
Calculate the remainder when 26336 is divided by 1646.
0
Calculate the remainder when 30946 is divided by 1207.
771
Calculate the remainder when 4410 is divided by 126.
0
Calculate the remainder when 8952 is divided by 13.
8
What is the remainder when 16685 is divided by 2383?
4
Calculate the remainder when 14693 is divided by 38.
25
What is the remainder when 1375 is divided by 781?
594
Calculate the remainder when 4687 is divided by 34.
29
What is the remainder when 6371 is divided by 213?
194
Calculate the remainder when 3129828 is divided by 55.
53
What is the remainder when 86750 is divided by 243?
242
What is the remainder when 5076 is divided by 82?
74
What is the remainder when 473 is divided by 467?
6
Calculate the remainder when 2614 is divided by 108.
22
Calculate the remainder when 333615 is divided by 38.
13
What is the remainder when 2087 is divided by 2081?
6
What is the remainder when 345907 is divided by 35?
2
What is the remainder when 24682 is divided by 126?
112
What is the remainder when 1278 is divided by 436?
406
Calculate the remainder when 16746 is divided by 5575.
21
Calculate the remainder when 23935 is divided by 187.
186
What is the remainder when 72405 is divided by 84?
81
What is the remainder when 26793 is divided by 5354?
23
What is the remainder when 862 is divided by 247?
121
Calculate the remainder when 1076782 is divided by 964.
958
Calculate the remainder when 23153 is divided by 64.
49
What is the remainder when 86243 is divided by 21551?
39
Calculate the remainder when 1638012 is divided by 59.
54
Calculate the remainder when 1708 is divided by 36.
16
Calculate the remainder when 359110 is divided by 89.
84
What is the remainder when 50960 is divided by 172?
48
Calculate the remainder when 9085 is divided by 330.
175
Calculate the remainder when 8660699 is divided by 281.
279
What is the remainder when 114025 is divided by 11?
10
What is the remainder when 1136004 is divided by 3255?
9
What is the remainder when 1787 is divided by 211?
99
What is the remainder when 171458 is divided by 66?
56
Calculate the remainder when 40317 is divided by 2879.
11
Calculate the remainder when 28520 is divided by 120.
80
Calculate the remainder when 1150022 is divided by 232.
230
Calculate the remainder when 1054788 is divided by 55.
53
What is the remainder when 7167 is divided by 43?
29
Calculate the remainder when 103285 is divided by 14.
7
What is the remainder when 28120 is divided by 104?
40
What is the remainder when 16561 is divided by 70?
41
Calculate the remainder when 6275160 is divided by 37.
34
Calculate the remainder when 415 is divided by 75.
40
What is the remainder when 109462 is divided by 254?
242
Calculate the remainder when 219973 is divided by 31421.
26
What is the remainder when 6099 is divided by 2029?
12
Calculate the remainder when 4928 is divided by 410.
8
What is the remainder when 231840 is divided by 149?
145
Calculate the remainder when 8142 is divided by 325.
17
Calculate the remainder when 202725 is divided by 42.
33
Calculate the remainder when 73329 is divided by 9.
6
Calculate the remainder when 18631 is divided by 230.
1
Calculate the remainder when 774438 is divided by 40.
38
Calculate the remainder when 13185 is divided by 28.
25
What is the remainder when 1037 is divided by 366?
305
What is the remainder when 1553175 is divided by 699?
696
Calculate the remainder when 1502 is divided by 238.
74
What is the remainder when 3277 is divided by 196?
141
Calculate the remainder when 117623 is divided by 297.
11
What is the remainder when 27858 is divided by 4642?
6
What is the remainder when 1114 is divided by 281?
271
What is the remainder when 323 is divided by 21?
8
What is the remainder when 15097 is divided by 181?
74
What is the remainder when 569548 is divided by 9653?
21
Calculate the remainder when 34987 is divided by 263.
8
What is the remainder when 4689 is divided by 1?
0
What is the remainder when 1503 is divided by 371?
19
Calculate the remainder when 1712124 is divided by 176.
172
Calculate the remainder when 7241 is divided by 2404.
29
What is the remainder when 181841 is divided by 44?
33
What is the remainder when 10445 is divided by 58?
5
What is the remainder when 1674788 is divided by 22?
16
What is the remainder when 11020 is divided by 12?
4
Calculate the remainder when 1128 is divided by 222.
18
What is the remainder when 325737 is divided by 30?
27
Calculate the remainder when 2625653 is divided by 717.
716
Calculate the remainder when 23238 is divided by 593.
111
What is the remainder when 31611 is divided by 15802?
7
Calculate the remainder when 4899 is divided by 1986.
927
What is the remainder when 1489 is divided by 232?
97
Calculate the remainder when 97338 is divided by 311.
306
What is the remainder when 523609 is divided by 369?
367
What is the remainder when 20589 is divided by 82?
7
What is the remainder when 3595 is divided by 2732?
863
What is the remainder when 221126 is divided by 666?
14
Calculate the remainder when 367843 is divided by 61298.
55
What is the remainder when 41407 is divided by 1716?
223
What is the remainder when 47146 is divided by 1029?
841
What is the remainder when 12939 is divided by 227?
0
Calculate the remainder when 13178 is divided by 50.
28
Calculate the remainder when 980 is divided by 322.
14
What is the remainder when 183109 is divided by 47?
44
Calculate the remainder when 455557 is divided by 227778.
1
Calculate the remainder when 50283 is divided by 69.
51
Calculate the remainder when 10391 is divided by 16.
7
Calculate the remainder when 2294 is divided by 446.
64
Calculate the remainder when 104988 is divided by 4199.
13
What is the remainder when 12466 is divided by 19?
2
What is the remainder when 11204 is divided by 1072?
484
What is the remainder when 10351 is divided by 11